{"id":124,"date":"2016-10-05T10:18:37","date_gmt":"2016-10-05T10:18:37","guid":{"rendered":"http:\/\/localhost\/flash-new\/?page_id=123"},"modified":"2020-05-28T19:47:31","modified_gmt":"2020-05-28T19:47:31","slug":"psicologo","status":"publish","type":"page","link":"https:\/\/psicologonline.pt\/index.php\/psicologo\/","title":{"rendered":"O Psic\u00f3logo"},"content":{"rendered":"\n<div style=\"height:62px\" aria-hidden=\"true\" class=\"wp-block-spacer\"><\/div>\n\n\n\n<h2 class=\"wp-block-heading\">QUEM EST\u00c1 AQUI&#8230;<\/h2>\n\n\n\n<div style=\"height:20px\" aria-hidden=\"true\" class=\"wp-block-spacer\"><\/div>\n\n\n\n<div class=\"wp-block-media-text alignwide is-stacked-on-mobile\"><figure class=\"wp-block-media-text__media\"><img fetchpriority=\"high\" decoding=\"async\" width=\"1024\" height=\"571\" src=\"https:\/\/psicologonline.pt\/wp-content\/uploads\/2020\/04\/perfil--1024x571.jpg\" alt=\"\" class=\"wp-image-94\" srcset=\"https:\/\/psicologonline.pt\/wp-content\/uploads\/2020\/04\/perfil--1024x571.jpg 1024w, https:\/\/psicologonline.pt\/wp-content\/uploads\/2020\/04\/perfil--300x167.jpg 300w, https:\/\/psicologonline.pt\/wp-content\/uploads\/2020\/04\/perfil--768x428.jpg 768w, https:\/\/psicologonline.pt\/wp-content\/uploads\/2020\/04\/perfil--1536x856.jpg 1536w, https:\/\/psicologonline.pt\/wp-content\/uploads\/2020\/04\/perfil--2048x1142.jpg 2048w, https:\/\/psicologonline.pt\/wp-content\/uploads\/2020\/04\/perfil--1200x669.jpg 1200w, https:\/\/psicologonline.pt\/wp-content\/uploads\/2020\/04\/perfil--1980x1104.jpg 1980w\" sizes=\"(max-width: 1024px) 100vw, 1024px\" \/><\/figure><div class=\"wp-block-media-text__content\">\n<div style=\"height:28px\" aria-hidden=\"true\" class=\"wp-block-spacer\"><\/div>\n\n\n\n<p class=\"has-small-font-size\"><strong><em>Jo\u00e3o Conde Rodrigues | Psic\u00f3logo e Psicoterapeuta | Membro Efectivo da Ordem dos Psic\u00f3logos Portugueses | Psicoterapeuta Especialista da Ordem dos Psic\u00f3logos Portugueses<\/em><\/strong><\/p>\n<\/div><\/div>\n\n\n\n<p>Jo\u00e3o Conde Rodrigues, natural da cidade do Porto, com ra\u00edzes transmontanas, \u00e9 psic\u00f3logo cl\u00ednico e membro efectivo da Ordem dos Psic\u00f3logos Portugueses com a especialidade avan\u00e7ada em Psicoterapia. Desenvolve a sua pr\u00e1tica cl\u00ednica privada na <a rel=\"noreferrer noopener\" href=\"http:\/\/www.psihora.pt\" target=\"_blank\">Psihora<\/a> desde 2007.<\/p>\n\n\n\n<p>Curso Superior Medicina Legal, pela Faculdade de Medicina da Universidade do Porto, desde 2006.<\/p>\n\n\n\n<p>Mestre em Temas de Psicologia pela Faculdade de Psicologia e Ci\u00eancias da Educa\u00e7\u00e3o da Universidade do Porto, desde 2011.<\/p>\n\n\n\n<p>Concluiu a Especializa\u00e7\u00e3o em Psicoterapia Psicodin\u00e2mica pela Faculdade de Medicina da Universidade do Porto em 2013.<\/p>\n\n\n\n<p>Desde ent\u00e3o tem vindo a desenvolver a sua forma\u00e7\u00e3o no Instituto de Forma\u00e7\u00e3o e Terap\u00eautica Psicanal\u00edtica do Porto, da Sociedade Portuguesa de Psican\u00e1lise.<\/p>\n\n\n\n<div style=\"height:20px\" aria-hidden=\"true\" class=\"wp-block-spacer\"><\/div>\n\n\n\n<p>25 de Abril de 2020 <\/p>\n\n\n\n<div style=\"height:20px\" aria-hidden=\"true\" class=\"wp-block-spacer\"><\/div>\n\n\n\n<p><a rel=\"noreferrer noopener\" href=\"https:\/\/psihora.wordpress.com\/contact\/\" target=\"_blank\">Saiba mais!<\/a><\/p>\n","protected":false},"excerpt":{"rendered":"<p>QUEM EST\u00c1 AQUI&#8230; Jo\u00e3o Conde Rodrigues, natural da cidade do Porto, com ra\u00edzes transmontanas, \u00e9 psic\u00f3logo cl\u00ednico e membro efectivo [&hellip;]<\/p>\n","protected":false},"author":1,"featured_media":0,"parent":0,"menu_order":0,"comment_status":"closed","ping_status":"closed","template":"","meta":{"footnotes":""},"class_list":["post-124","page","type-page","status-publish","hentry"],"yoast_head":"<!-- This site is optimized with the Yoast SEO plugin v27.3 - https:\/\/yoast.com\/product\/yoast-seo-wordpress\/ -->\n<title>O Psic\u00f3logo | Psic\u00f3logo Online<\/title>\n<meta name=\"robots\" content=\"index, follow, max-snippet:-1, max-image-preview:large, max-video-preview:-1\" \/>\n<link rel=\"canonical\" href=\"https:\/\/psicologonline.pt\/index.php\/psicologo\/\" \/>\n<meta property=\"og:locale\" content=\"pt_PT\" \/>\n<meta property=\"og:type\" content=\"article\" \/>\n<meta property=\"og:title\" content=\"O Psic\u00f3logo | Psic\u00f3logo Online\" \/>\n<meta property=\"og:description\" content=\"QUEM EST\u00c1 AQUI&#8230; Jo\u00e3o Conde Rodrigues, natural da cidade do Porto, com ra\u00edzes transmontanas, \u00e9 psic\u00f3logo cl\u00ednico e membro efectivo [&hellip;]\" \/>\n<meta property=\"og:url\" content=\"https:\/\/psicologonline.pt\/index.php\/psicologo\/\" \/>\n<meta property=\"og:site_name\" content=\"Psic\u00f3logo Online\" \/>\n<meta property=\"article:modified_time\" content=\"2020-05-28T19:47:31+00:00\" \/>\n<meta property=\"og:image\" content=\"https:\/\/psicologonline.pt\/wp-content\/uploads\/2020\/04\/perfil--1024x571.jpg\" \/>\n<meta name=\"twitter:card\" content=\"summary_large_image\" \/>\n<meta name=\"twitter:label1\" content=\"Tempo estimado de leitura\" \/>\n\t<meta name=\"twitter:data1\" content=\"1 minuto\" \/>\n<script type=\"application\/ld+json\" class=\"yoast-schema-graph\">{\"@context\":\"https:\\\/\\\/schema.org\",\"@graph\":[{\"@type\":\"WebPage\",\"@id\":\"https:\\\/\\\/psicologonline.pt\\\/index.php\\\/psicologo\\\/\",\"url\":\"https:\\\/\\\/psicologonline.pt\\\/index.php\\\/psicologo\\\/\",\"name\":\"O Psic\u00f3logo | Psic\u00f3logo Online\",\"isPartOf\":{\"@id\":\"https:\\\/\\\/psicologonline.pt\\\/#website\"},\"primaryImageOfPage\":{\"@id\":\"https:\\\/\\\/psicologonline.pt\\\/index.php\\\/psicologo\\\/#primaryimage\"},\"image\":{\"@id\":\"https:\\\/\\\/psicologonline.pt\\\/index.php\\\/psicologo\\\/#primaryimage\"},\"thumbnailUrl\":\"https:\\\/\\\/psicologonline.pt\\\/wp-content\\\/uploads\\\/2020\\\/04\\\/perfil--1024x571.jpg\",\"datePublished\":\"2016-10-05T10:18:37+00:00\",\"dateModified\":\"2020-05-28T19:47:31+00:00\",\"breadcrumb\":{\"@id\":\"https:\\\/\\\/psicologonline.pt\\\/index.php\\\/psicologo\\\/#breadcrumb\"},\"inLanguage\":\"pt-PT\",\"potentialAction\":[{\"@type\":\"ReadAction\",\"target\":[\"https:\\\/\\\/psicologonline.pt\\\/index.php\\\/psicologo\\\/\"]}]},{\"@type\":\"ImageObject\",\"inLanguage\":\"pt-PT\",\"@id\":\"https:\\\/\\\/psicologonline.pt\\\/index.php\\\/psicologo\\\/#primaryimage\",\"url\":\"https:\\\/\\\/psicologonline.pt\\\/wp-content\\\/uploads\\\/2020\\\/04\\\/perfil--scaled.jpg\",\"contentUrl\":\"https:\\\/\\\/psicologonline.pt\\\/wp-content\\\/uploads\\\/2020\\\/04\\\/perfil--scaled.jpg\",\"width\":2560,\"height\":1427},{\"@type\":\"BreadcrumbList\",\"@id\":\"https:\\\/\\\/psicologonline.pt\\\/index.php\\\/psicologo\\\/#breadcrumb\",\"itemListElement\":[{\"@type\":\"ListItem\",\"position\":1,\"name\":\"Home\",\"item\":\"https:\\\/\\\/psicologonline.pt\\\/\"},{\"@type\":\"ListItem\",\"position\":2,\"name\":\"O Psic\u00f3logo\"}]},{\"@type\":\"WebSite\",\"@id\":\"https:\\\/\\\/psicologonline.pt\\\/#website\",\"url\":\"https:\\\/\\\/psicologonline.pt\\\/\",\"name\":\"Psic\u00f3logo Online\",\"description\":\"Consigo, como sempre!\",\"publisher\":{\"@id\":\"https:\\\/\\\/psicologonline.pt\\\/#\\\/schema\\\/person\\\/d188dea8262841e74b76bb2d22e8555c\"},\"potentialAction\":[{\"@type\":\"SearchAction\",\"target\":{\"@type\":\"EntryPoint\",\"urlTemplate\":\"https:\\\/\\\/psicologonline.pt\\\/?s={search_term_string}\"},\"query-input\":{\"@type\":\"PropertyValueSpecification\",\"valueRequired\":true,\"valueName\":\"search_term_string\"}}],\"inLanguage\":\"pt-PT\"},{\"@type\":[\"Person\",\"Organization\"],\"@id\":\"https:\\\/\\\/psicologonline.pt\\\/#\\\/schema\\\/person\\\/d188dea8262841e74b76bb2d22e8555c\",\"name\":\"Joao Conde Rodrigues\",\"image\":{\"@type\":\"ImageObject\",\"inLanguage\":\"pt-PT\",\"@id\":\"https:\\\/\\\/psicologonline.pt\\\/wp-content\\\/uploads\\\/2020\\\/04\\\/perfil-1-1-scaled.jpg\",\"url\":\"https:\\\/\\\/psicologonline.pt\\\/wp-content\\\/uploads\\\/2020\\\/04\\\/perfil-1-1-scaled.jpg\",\"contentUrl\":\"https:\\\/\\\/psicologonline.pt\\\/wp-content\\\/uploads\\\/2020\\\/04\\\/perfil-1-1-scaled.jpg\",\"width\":2560,\"height\":1427,\"caption\":\"Joao Conde Rodrigues\"},\"logo\":{\"@id\":\"https:\\\/\\\/psicologonline.pt\\\/wp-content\\\/uploads\\\/2020\\\/04\\\/perfil-1-1-scaled.jpg\"}}]}<\/script>\n<!-- \/ Yoast SEO plugin. -->","yoast_head_json":{"title":"O Psic\u00f3logo | Psic\u00f3logo Online","robots":{"index":"index","follow":"follow","max-snippet":"max-snippet:-1","max-image-preview":"max-image-preview:large","max-video-preview":"max-video-preview:-1"},"canonical":"https:\/\/psicologonline.pt\/index.php\/psicologo\/","og_locale":"pt_PT","og_type":"article","og_title":"O Psic\u00f3logo | Psic\u00f3logo Online","og_description":"QUEM EST\u00c1 AQUI&#8230; Jo\u00e3o Conde Rodrigues, natural da cidade do Porto, com ra\u00edzes transmontanas, \u00e9 psic\u00f3logo cl\u00ednico e membro efectivo [&hellip;]","og_url":"https:\/\/psicologonline.pt\/index.php\/psicologo\/","og_site_name":"Psic\u00f3logo Online","article_modified_time":"2020-05-28T19:47:31+00:00","og_image":[{"url":"https:\/\/psicologonline.pt\/wp-content\/uploads\/2020\/04\/perfil--1024x571.jpg","type":"","width":"","height":""}],"twitter_card":"summary_large_image","twitter_misc":{"Tempo estimado de leitura":"1 minuto"},"schema":{"@context":"https:\/\/schema.org","@graph":[{"@type":"WebPage","@id":"https:\/\/psicologonline.pt\/index.php\/psicologo\/","url":"https:\/\/psicologonline.pt\/index.php\/psicologo\/","name":"O Psic\u00f3logo | Psic\u00f3logo Online","isPartOf":{"@id":"https:\/\/psicologonline.pt\/#website"},"primaryImageOfPage":{"@id":"https:\/\/psicologonline.pt\/index.php\/psicologo\/#primaryimage"},"image":{"@id":"https:\/\/psicologonline.pt\/index.php\/psicologo\/#primaryimage"},"thumbnailUrl":"https:\/\/psicologonline.pt\/wp-content\/uploads\/2020\/04\/perfil--1024x571.jpg","datePublished":"2016-10-05T10:18:37+00:00","dateModified":"2020-05-28T19:47:31+00:00","breadcrumb":{"@id":"https:\/\/psicologonline.pt\/index.php\/psicologo\/#breadcrumb"},"inLanguage":"pt-PT","potentialAction":[{"@type":"ReadAction","target":["https:\/\/psicologonline.pt\/index.php\/psicologo\/"]}]},{"@type":"ImageObject","inLanguage":"pt-PT","@id":"https:\/\/psicologonline.pt\/index.php\/psicologo\/#primaryimage","url":"https:\/\/psicologonline.pt\/wp-content\/uploads\/2020\/04\/perfil--scaled.jpg","contentUrl":"https:\/\/psicologonline.pt\/wp-content\/uploads\/2020\/04\/perfil--scaled.jpg","width":2560,"height":1427},{"@type":"BreadcrumbList","@id":"https:\/\/psicologonline.pt\/index.php\/psicologo\/#breadcrumb","itemListElement":[{"@type":"ListItem","position":1,"name":"Home","item":"https:\/\/psicologonline.pt\/"},{"@type":"ListItem","position":2,"name":"O Psic\u00f3logo"}]},{"@type":"WebSite","@id":"https:\/\/psicologonline.pt\/#website","url":"https:\/\/psicologonline.pt\/","name":"Psic\u00f3logo Online","description":"Consigo, como sempre!","publisher":{"@id":"https:\/\/psicologonline.pt\/#\/schema\/person\/d188dea8262841e74b76bb2d22e8555c"},"potentialAction":[{"@type":"SearchAction","target":{"@type":"EntryPoint","urlTemplate":"https:\/\/psicologonline.pt\/?s={search_term_string}"},"query-input":{"@type":"PropertyValueSpecification","valueRequired":true,"valueName":"search_term_string"}}],"inLanguage":"pt-PT"},{"@type":["Person","Organization"],"@id":"https:\/\/psicologonline.pt\/#\/schema\/person\/d188dea8262841e74b76bb2d22e8555c","name":"Joao Conde Rodrigues","image":{"@type":"ImageObject","inLanguage":"pt-PT","@id":"https:\/\/psicologonline.pt\/wp-content\/uploads\/2020\/04\/perfil-1-1-scaled.jpg","url":"https:\/\/psicologonline.pt\/wp-content\/uploads\/2020\/04\/perfil-1-1-scaled.jpg","contentUrl":"https:\/\/psicologonline.pt\/wp-content\/uploads\/2020\/04\/perfil-1-1-scaled.jpg","width":2560,"height":1427,"caption":"Joao Conde Rodrigues"},"logo":{"@id":"https:\/\/psicologonline.pt\/wp-content\/uploads\/2020\/04\/perfil-1-1-scaled.jpg"}}]}},"jetpack_sharing_enabled":true,"_links":{"self":[{"href":"https:\/\/psicologonline.pt\/index.php\/wp-json\/wp\/v2\/pages\/124","targetHints":{"allow":["GET"]}}],"collection":[{"href":"https:\/\/psicologonline.pt\/index.php\/wp-json\/wp\/v2\/pages"}],"about":[{"href":"https:\/\/psicologonline.pt\/index.php\/wp-json\/wp\/v2\/types\/page"}],"author":[{"embeddable":true,"href":"https:\/\/psicologonline.pt\/index.php\/wp-json\/wp\/v2\/users\/1"}],"replies":[{"embeddable":true,"href":"https:\/\/psicologonline.pt\/index.php\/wp-json\/wp\/v2\/comments?post=124"}],"version-history":[{"count":10,"href":"https:\/\/psicologonline.pt\/index.php\/wp-json\/wp\/v2\/pages\/124\/revisions"}],"predecessor-version":[{"id":637,"href":"https:\/\/psicologonline.pt\/index.php\/wp-json\/wp\/v2\/pages\/124\/revisions\/637"}],"wp:attachment":[{"href":"https:\/\/psicologonline.pt\/index.php\/wp-json\/wp\/v2\/media?parent=124"}],"curies":[{"name":"wp","href":"https:\/\/api.w.org\/{rel}","templated":true}]}}