{"id":2,"date":"2020-05-10T17:44:34","date_gmt":"2020-05-10T17:44:34","guid":{"rendered":"https:\/\/psicologonline.pt\/?page_id=2"},"modified":"2020-10-20T20:47:52","modified_gmt":"2020-10-20T20:47:52","slug":"missao","status":"publish","type":"page","link":"https:\/\/psicologonline.pt\/index.php\/missao\/","title":{"rendered":"Miss\u00e3o"},"content":{"rendered":"\n<div class=\"wp-block-group\"><div class=\"wp-block-group__inner-container is-layout-flow wp-block-group-is-layout-flow\">\n<div style=\"height:20px\" aria-hidden=\"true\" class=\"wp-block-spacer\"><\/div>\n\n\n\n<h2 class=\"wp-block-heading\">A NOSSA MISS\u00c3O&#8230;<\/h2>\n\n\n\n<div style=\"height:53px\" aria-hidden=\"true\" class=\"wp-block-spacer\"><\/div>\n\n\n\n<div class=\"wp-block-media-text alignwide is-stacked-on-mobile is-vertically-aligned-center\" style=\"grid-template-columns:40% auto\"><figure class=\"wp-block-media-text__media\"><img fetchpriority=\"high\" decoding=\"async\" width=\"321\" height=\"305\" src=\"https:\/\/psicologonline.pt\/wp-content\/uploads\/2020\/04\/img-5.jpg\" alt=\"\" class=\"wp-image-154\" srcset=\"https:\/\/psicologonline.pt\/wp-content\/uploads\/2020\/04\/img-5.jpg 321w, https:\/\/psicologonline.pt\/wp-content\/uploads\/2020\/04\/img-5-300x285.jpg 300w\" sizes=\"(max-width: 321px) 100vw, 321px\" \/><\/figure><div class=\"wp-block-media-text__content\">\n<div style=\"height:20px\" aria-hidden=\"true\" class=\"wp-block-spacer\"><\/div>\n\n\n\n<p>Agora como antes, na <a rel=\"noreferrer noopener\" href=\"http:\/\/www.psihora.pt\/\" target=\"_blank\">Psihora<\/a>, dedicamos os nossos servi\u00e7os \u00e0 promo\u00e7\u00e3o da sa\u00fade mental e crescimento psicol\u00f3gico de todos aqueles que a procuram, presencial ou remotamente. <\/p>\n\n\n\n<p>Estamos aqui para aliviar e tratar v\u00e1rias dificuldades que possam surgir em algum momento da sua vida.<\/p>\n<\/div><\/div>\n<\/div><\/div>\n\n\n\n<div class=\"wp-block-media-text alignwide has-media-on-the-right is-stacked-on-mobile is-vertically-aligned-top\"><figure class=\"wp-block-media-text__media\"><img decoding=\"async\" width=\"457\" height=\"433\" src=\"https:\/\/psicologonline.pt\/wp-content\/uploads\/2020\/05\/untitled21.png\" alt=\"\" class=\"wp-image-487\" srcset=\"https:\/\/psicologonline.pt\/wp-content\/uploads\/2020\/05\/untitled21.png 457w, https:\/\/psicologonline.pt\/wp-content\/uploads\/2020\/05\/untitled21-300x284.png 300w\" sizes=\"(max-width: 457px) 100vw, 457px\" \/><\/figure><div class=\"wp-block-media-text__content\">\n<p>Esta miss\u00e3o n\u00e3o muda, mesmo quando, por motivos de seguran\u00e7a, temos de nos encontrar \u00e0 dist\u00e2ncia, portanto, onde e quando necess\u00e1rio, poder\u00e1 chegar at\u00e9 aqui sem sair da\u00ed dispondo dos nossos servi\u00e7os \u00e0 dist\u00e2ncia. <\/p>\n\n\n\n<p><\/p>\n<\/div><\/div>\n\n\n\n<p>Esteja onde estiver, juntos, vamos poder compreender as suas dificuldades, diminuir o sofrimento dos seus sintomas e resolver alguns dos conflitos que o preocupam.<\/p>\n\n\n\n<p>Esta \u00e9 a miss\u00e3o desde a nossa funda\u00e7\u00e3o, e n\u00e3o vai mudar, vamos continuar a estar aqui para cuidar de si, agora, tamb\u00e9m a partir de onde e pelo meio que lhe for poss\u00edvel.<\/p>\n\n\n\n<p>Continuamos consigo, como sempre!<\/p>\n\n\n\n<div style=\"height:24px\" aria-hidden=\"true\" class=\"wp-block-spacer\"><\/div>\n\n\n\n<p>O Psic\u00f3logo, <\/p>\n\n\n\n<p><em>Jo\u00e3o Conde Rodrigues<\/em><\/p>\n\n\n\n<p> <\/p>\n","protected":false},"excerpt":{"rendered":"<p>A NOSSA MISS\u00c3O&#8230; Agora como antes, na Psihora, dedicamos os nossos servi\u00e7os \u00e0 promo\u00e7\u00e3o da sa\u00fade mental e crescimento psicol\u00f3gico [&hellip;]<\/p>\n","protected":false},"author":1,"featured_media":0,"parent":0,"menu_order":0,"comment_status":"closed","ping_status":"closed","template":"","meta":{"footnotes":""},"class_list":["post-2","page","type-page","status-publish","hentry"],"yoast_head":"<!-- This site is optimized with the Yoast SEO plugin v27.3 - https:\/\/yoast.com\/product\/yoast-seo-wordpress\/ -->\n<title>Miss\u00e3o | Psic\u00f3logo Online<\/title>\n<meta name=\"robots\" content=\"index, follow, max-snippet:-1, max-image-preview:large, max-video-preview:-1\" \/>\n<link rel=\"canonical\" href=\"https:\/\/psicologonline.pt\/index.php\/missao\/\" \/>\n<meta property=\"og:locale\" content=\"pt_PT\" \/>\n<meta property=\"og:type\" content=\"article\" \/>\n<meta property=\"og:title\" content=\"Miss\u00e3o | Psic\u00f3logo Online\" \/>\n<meta property=\"og:description\" content=\"A NOSSA MISS\u00c3O&#8230; Agora como antes, na Psihora, dedicamos os nossos servi\u00e7os \u00e0 promo\u00e7\u00e3o da sa\u00fade mental e crescimento psicol\u00f3gico [&hellip;]\" \/>\n<meta property=\"og:url\" content=\"https:\/\/psicologonline.pt\/index.php\/missao\/\" \/>\n<meta property=\"og:site_name\" content=\"Psic\u00f3logo Online\" \/>\n<meta property=\"article:modified_time\" content=\"2020-10-20T20:47:52+00:00\" \/>\n<meta property=\"og:image\" content=\"https:\/\/psicologonline.pt\/wp-content\/uploads\/2020\/04\/img-5.jpg\" \/>\n<meta name=\"twitter:card\" content=\"summary_large_image\" \/>\n<meta name=\"twitter:label1\" content=\"Tempo estimado de leitura\" \/>\n\t<meta name=\"twitter:data1\" content=\"1 minuto\" \/>\n<script type=\"application\/ld+json\" class=\"yoast-schema-graph\">{\"@context\":\"https:\\\/\\\/schema.org\",\"@graph\":[{\"@type\":\"WebPage\",\"@id\":\"https:\\\/\\\/psicologonline.pt\\\/index.php\\\/missao\\\/\",\"url\":\"https:\\\/\\\/psicologonline.pt\\\/index.php\\\/missao\\\/\",\"name\":\"Miss\u00e3o | Psic\u00f3logo Online\",\"isPartOf\":{\"@id\":\"https:\\\/\\\/psicologonline.pt\\\/#website\"},\"primaryImageOfPage\":{\"@id\":\"https:\\\/\\\/psicologonline.pt\\\/index.php\\\/missao\\\/#primaryimage\"},\"image\":{\"@id\":\"https:\\\/\\\/psicologonline.pt\\\/index.php\\\/missao\\\/#primaryimage\"},\"thumbnailUrl\":\"https:\\\/\\\/psicologonline.pt\\\/wp-content\\\/uploads\\\/2020\\\/04\\\/img-5.jpg\",\"datePublished\":\"2020-05-10T17:44:34+00:00\",\"dateModified\":\"2020-10-20T20:47:52+00:00\",\"breadcrumb\":{\"@id\":\"https:\\\/\\\/psicologonline.pt\\\/index.php\\\/missao\\\/#breadcrumb\"},\"inLanguage\":\"pt-PT\",\"potentialAction\":[{\"@type\":\"ReadAction\",\"target\":[\"https:\\\/\\\/psicologonline.pt\\\/index.php\\\/missao\\\/\"]}]},{\"@type\":\"ImageObject\",\"inLanguage\":\"pt-PT\",\"@id\":\"https:\\\/\\\/psicologonline.pt\\\/index.php\\\/missao\\\/#primaryimage\",\"url\":\"https:\\\/\\\/psicologonline.pt\\\/wp-content\\\/uploads\\\/2020\\\/04\\\/img-5.jpg\",\"contentUrl\":\"https:\\\/\\\/psicologonline.pt\\\/wp-content\\\/uploads\\\/2020\\\/04\\\/img-5.jpg\",\"width\":321,\"height\":305},{\"@type\":\"BreadcrumbList\",\"@id\":\"https:\\\/\\\/psicologonline.pt\\\/index.php\\\/missao\\\/#breadcrumb\",\"itemListElement\":[{\"@type\":\"ListItem\",\"position\":1,\"name\":\"Home\",\"item\":\"https:\\\/\\\/psicologonline.pt\\\/\"},{\"@type\":\"ListItem\",\"position\":2,\"name\":\"Miss\u00e3o\"}]},{\"@type\":\"WebSite\",\"@id\":\"https:\\\/\\\/psicologonline.pt\\\/#website\",\"url\":\"https:\\\/\\\/psicologonline.pt\\\/\",\"name\":\"Psic\u00f3logo Online\",\"description\":\"Consigo, como sempre!\",\"publisher\":{\"@id\":\"https:\\\/\\\/psicologonline.pt\\\/#\\\/schema\\\/person\\\/d188dea8262841e74b76bb2d22e8555c\"},\"potentialAction\":[{\"@type\":\"SearchAction\",\"target\":{\"@type\":\"EntryPoint\",\"urlTemplate\":\"https:\\\/\\\/psicologonline.pt\\\/?s={search_term_string}\"},\"query-input\":{\"@type\":\"PropertyValueSpecification\",\"valueRequired\":true,\"valueName\":\"search_term_string\"}}],\"inLanguage\":\"pt-PT\"},{\"@type\":[\"Person\",\"Organization\"],\"@id\":\"https:\\\/\\\/psicologonline.pt\\\/#\\\/schema\\\/person\\\/d188dea8262841e74b76bb2d22e8555c\",\"name\":\"Joao Conde Rodrigues\",\"image\":{\"@type\":\"ImageObject\",\"inLanguage\":\"pt-PT\",\"@id\":\"https:\\\/\\\/psicologonline.pt\\\/wp-content\\\/uploads\\\/2020\\\/04\\\/perfil-1-1-scaled.jpg\",\"url\":\"https:\\\/\\\/psicologonline.pt\\\/wp-content\\\/uploads\\\/2020\\\/04\\\/perfil-1-1-scaled.jpg\",\"contentUrl\":\"https:\\\/\\\/psicologonline.pt\\\/wp-content\\\/uploads\\\/2020\\\/04\\\/perfil-1-1-scaled.jpg\",\"width\":2560,\"height\":1427,\"caption\":\"Joao Conde Rodrigues\"},\"logo\":{\"@id\":\"https:\\\/\\\/psicologonline.pt\\\/wp-content\\\/uploads\\\/2020\\\/04\\\/perfil-1-1-scaled.jpg\"}}]}<\/script>\n<!-- \/ Yoast SEO plugin. -->","yoast_head_json":{"title":"Miss\u00e3o | Psic\u00f3logo Online","robots":{"index":"index","follow":"follow","max-snippet":"max-snippet:-1","max-image-preview":"max-image-preview:large","max-video-preview":"max-video-preview:-1"},"canonical":"https:\/\/psicologonline.pt\/index.php\/missao\/","og_locale":"pt_PT","og_type":"article","og_title":"Miss\u00e3o | Psic\u00f3logo Online","og_description":"A NOSSA MISS\u00c3O&#8230; Agora como antes, na Psihora, dedicamos os nossos servi\u00e7os \u00e0 promo\u00e7\u00e3o da sa\u00fade mental e crescimento psicol\u00f3gico [&hellip;]","og_url":"https:\/\/psicologonline.pt\/index.php\/missao\/","og_site_name":"Psic\u00f3logo Online","article_modified_time":"2020-10-20T20:47:52+00:00","og_image":[{"url":"https:\/\/psicologonline.pt\/wp-content\/uploads\/2020\/04\/img-5.jpg","type":"","width":"","height":""}],"twitter_card":"summary_large_image","twitter_misc":{"Tempo estimado de leitura":"1 minuto"},"schema":{"@context":"https:\/\/schema.org","@graph":[{"@type":"WebPage","@id":"https:\/\/psicologonline.pt\/index.php\/missao\/","url":"https:\/\/psicologonline.pt\/index.php\/missao\/","name":"Miss\u00e3o | Psic\u00f3logo Online","isPartOf":{"@id":"https:\/\/psicologonline.pt\/#website"},"primaryImageOfPage":{"@id":"https:\/\/psicologonline.pt\/index.php\/missao\/#primaryimage"},"image":{"@id":"https:\/\/psicologonline.pt\/index.php\/missao\/#primaryimage"},"thumbnailUrl":"https:\/\/psicologonline.pt\/wp-content\/uploads\/2020\/04\/img-5.jpg","datePublished":"2020-05-10T17:44:34+00:00","dateModified":"2020-10-20T20:47:52+00:00","breadcrumb":{"@id":"https:\/\/psicologonline.pt\/index.php\/missao\/#breadcrumb"},"inLanguage":"pt-PT","potentialAction":[{"@type":"ReadAction","target":["https:\/\/psicologonline.pt\/index.php\/missao\/"]}]},{"@type":"ImageObject","inLanguage":"pt-PT","@id":"https:\/\/psicologonline.pt\/index.php\/missao\/#primaryimage","url":"https:\/\/psicologonline.pt\/wp-content\/uploads\/2020\/04\/img-5.jpg","contentUrl":"https:\/\/psicologonline.pt\/wp-content\/uploads\/2020\/04\/img-5.jpg","width":321,"height":305},{"@type":"BreadcrumbList","@id":"https:\/\/psicologonline.pt\/index.php\/missao\/#breadcrumb","itemListElement":[{"@type":"ListItem","position":1,"name":"Home","item":"https:\/\/psicologonline.pt\/"},{"@type":"ListItem","position":2,"name":"Miss\u00e3o"}]},{"@type":"WebSite","@id":"https:\/\/psicologonline.pt\/#website","url":"https:\/\/psicologonline.pt\/","name":"Psic\u00f3logo Online","description":"Consigo, como sempre!","publisher":{"@id":"https:\/\/psicologonline.pt\/#\/schema\/person\/d188dea8262841e74b76bb2d22e8555c"},"potentialAction":[{"@type":"SearchAction","target":{"@type":"EntryPoint","urlTemplate":"https:\/\/psicologonline.pt\/?s={search_term_string}"},"query-input":{"@type":"PropertyValueSpecification","valueRequired":true,"valueName":"search_term_string"}}],"inLanguage":"pt-PT"},{"@type":["Person","Organization"],"@id":"https:\/\/psicologonline.pt\/#\/schema\/person\/d188dea8262841e74b76bb2d22e8555c","name":"Joao Conde Rodrigues","image":{"@type":"ImageObject","inLanguage":"pt-PT","@id":"https:\/\/psicologonline.pt\/wp-content\/uploads\/2020\/04\/perfil-1-1-scaled.jpg","url":"https:\/\/psicologonline.pt\/wp-content\/uploads\/2020\/04\/perfil-1-1-scaled.jpg","contentUrl":"https:\/\/psicologonline.pt\/wp-content\/uploads\/2020\/04\/perfil-1-1-scaled.jpg","width":2560,"height":1427,"caption":"Joao Conde Rodrigues"},"logo":{"@id":"https:\/\/psicologonline.pt\/wp-content\/uploads\/2020\/04\/perfil-1-1-scaled.jpg"}}]}},"jetpack_sharing_enabled":true,"_links":{"self":[{"href":"https:\/\/psicologonline.pt\/index.php\/wp-json\/wp\/v2\/pages\/2","targetHints":{"allow":["GET"]}}],"collection":[{"href":"https:\/\/psicologonline.pt\/index.php\/wp-json\/wp\/v2\/pages"}],"about":[{"href":"https:\/\/psicologonline.pt\/index.php\/wp-json\/wp\/v2\/types\/page"}],"author":[{"embeddable":true,"href":"https:\/\/psicologonline.pt\/index.php\/wp-json\/wp\/v2\/users\/1"}],"replies":[{"embeddable":true,"href":"https:\/\/psicologonline.pt\/index.php\/wp-json\/wp\/v2\/comments?post=2"}],"version-history":[{"count":19,"href":"https:\/\/psicologonline.pt\/index.php\/wp-json\/wp\/v2\/pages\/2\/revisions"}],"predecessor-version":[{"id":645,"href":"https:\/\/psicologonline.pt\/index.php\/wp-json\/wp\/v2\/pages\/2\/revisions\/645"}],"wp:attachment":[{"href":"https:\/\/psicologonline.pt\/index.php\/wp-json\/wp\/v2\/media?parent=2"}],"curies":[{"name":"wp","href":"https:\/\/api.w.org\/{rel}","templated":true}]}}