{"id":341,"date":"2020-05-11T01:13:23","date_gmt":"2020-05-11T01:13:23","guid":{"rendered":"http:\/\/localhost\/flash-new\/?page_id=4"},"modified":"2020-05-28T19:45:52","modified_gmt":"2020-05-28T19:45:52","slug":"psicologo-online-psicologia-psicoterapia-online","status":"publish","type":"page","link":"https:\/\/psicologonline.pt\/","title":{"rendered":"Psic\u00f3logo Online | Psicologia &#038; Psicoterapia Online"},"content":{"rendered":"\t\t<div data-elementor-type=\"wp-page\" data-elementor-id=\"341\" class=\"elementor elementor-341\">\n\t\t\t\t\t\t<section class=\"elementor-section elementor-top-section elementor-element elementor-element-883c65e elementor-section-boxed elementor-section-height-default elementor-section-height-default\" data-id=\"883c65e\" data-element_type=\"section\" data-e-type=\"section\">\n\t\t\t\t\t\t<div class=\"elementor-container elementor-column-gap-default\">\n\t\t\t\t\t<div class=\"elementor-column elementor-col-100 elementor-top-column elementor-element elementor-element-576dab3\" data-id=\"576dab3\" data-element_type=\"column\" data-e-type=\"column\">\n\t\t\t<div class=\"elementor-widget-wrap elementor-element-populated\">\n\t\t\t\t\t\t<div class=\"elementor-element elementor-element-d7c12a1 elementor-widget elementor-widget-spacer\" data-id=\"d7c12a1\" data-element_type=\"widget\" data-e-type=\"widget\" data-widget_type=\"spacer.default\">\n\t\t\t\t<div class=\"elementor-widget-container\">\n\t\t\t\t\t\t\t<div class=\"elementor-spacer\">\n\t\t\t<div class=\"elementor-spacer-inner\"><\/div>\n\t\t<\/div>\n\t\t\t\t\t\t<\/div>\n\t\t\t\t<\/div>\n\t\t\t\t\t<\/div>\n\t\t<\/div>\n\t\t\t\t\t<\/div>\n\t\t<\/section>\n\t\t\t\t<section class=\"elementor-section elementor-top-section elementor-element elementor-element-21a56be elementor-section-boxed elementor-section-height-default elementor-section-height-default\" data-id=\"21a56be\" data-element_type=\"section\" data-e-type=\"section\">\n\t\t\t\t\t\t<div class=\"elementor-container elementor-column-gap-default\">\n\t\t\t\t\t<div class=\"elementor-column elementor-col-100 elementor-top-column elementor-element elementor-element-a25eeb3\" data-id=\"a25eeb3\" data-element_type=\"column\" data-e-type=\"column\">\n\t\t\t<div class=\"elementor-widget-wrap elementor-element-populated\">\n\t\t\t\t\t\t<div class=\"elementor-element elementor-element-4dcb319 elementor-widget elementor-widget-heading\" data-id=\"4dcb319\" data-element_type=\"widget\" data-e-type=\"widget\" data-widget_type=\"heading.default\">\n\t\t\t\t<div class=\"elementor-widget-container\">\n\t\t\t\t\t<h2 class=\"elementor-heading-title elementor-size-large\">Bem-vindos!<\/h2>\t\t\t\t<\/div>\n\t\t\t\t<\/div>\n\t\t\t\t\t<\/div>\n\t\t<\/div>\n\t\t\t\t\t<\/div>\n\t\t<\/section>\n\t\t\t\t<section class=\"elementor-section elementor-top-section elementor-element elementor-element-29bfc98 elementor-section-boxed elementor-section-height-default elementor-section-height-default\" data-id=\"29bfc98\" data-element_type=\"section\" data-e-type=\"section\">\n\t\t\t\t\t\t<div class=\"elementor-container elementor-column-gap-default\">\n\t\t\t\t\t<div class=\"elementor-column elementor-col-100 elementor-top-column elementor-element elementor-element-de5d6f7\" data-id=\"de5d6f7\" data-element_type=\"column\" data-e-type=\"column\">\n\t\t\t<div class=\"elementor-widget-wrap elementor-element-populated\">\n\t\t\t\t\t\t<div class=\"elementor-element elementor-element-90577ec elementor-widget elementor-widget-text-editor\" data-id=\"90577ec\" data-element_type=\"widget\" data-e-type=\"widget\" data-widget_type=\"text-editor.default\">\n\t\t\t\t<div class=\"elementor-widget-container\">\n\t\t\t\t\t\t\t\t\t<p>Esteja onde estiver, se e quando precisar da minha ajuda disponha por aqui sem precisar de sair da\u00ed. N\u00e3o hesite em recorrer \u00e0s solu\u00e7\u00f5es que tem ao seu dispor para cuidar de si.\u00a0<\/p><p>Obrigado pela sua confian\u00e7a!<\/p><p>Jo\u00e3o Conde Rodrigues<\/p><p>\u00a0<\/p>\t\t\t\t\t\t\t\t<\/div>\n\t\t\t\t<\/div>\n\t\t\t\t\t<\/div>\n\t\t<\/div>\n\t\t\t\t\t<\/div>\n\t\t<\/section>\n\t\t\t\t<section class=\"elementor-section elementor-top-section elementor-element elementor-element-c452965 elementor-section-boxed elementor-section-height-default elementor-section-height-default\" data-id=\"c452965\" data-element_type=\"section\" data-e-type=\"section\">\n\t\t\t\t\t\t<div class=\"elementor-container elementor-column-gap-default\">\n\t\t\t\t\t<div class=\"elementor-column elementor-col-100 elementor-top-column elementor-element elementor-element-f7cb809\" data-id=\"f7cb809\" data-element_type=\"column\" data-e-type=\"column\">\n\t\t\t<div class=\"elementor-widget-wrap elementor-element-populated\">\n\t\t\t\t\t\t<div class=\"elementor-element elementor-element-78b439d elementor-button-info elementor-align-left elementor-widget elementor-widget-button\" data-id=\"78b439d\" data-element_type=\"widget\" data-e-type=\"widget\" data-widget_type=\"button.default\">\n\t\t\t\t<div class=\"elementor-widget-container\">\n\t\t\t\t\t\t\t\t\t<div class=\"elementor-button-wrapper\">\n\t\t\t\t\t<a class=\"elementor-button elementor-button-link elementor-size-sm\" href=\"https:\/\/psicologonline.pt\/index.php\/contact\/\">\n\t\t\t\t\t\t<span class=\"elementor-button-content-wrapper\">\n\t\t\t\t\t\t\t\t\t<span class=\"elementor-button-text\">Saiba mais<\/span>\n\t\t\t\t\t<\/span>\n\t\t\t\t\t<\/a>\n\t\t\t\t<\/div>\n\t\t\t\t\t\t\t\t<\/div>\n\t\t\t\t<\/div>\n\t\t\t\t\t<\/div>\n\t\t<\/div>\n\t\t\t\t\t<\/div>\n\t\t<\/section>\n\t\t\t\t<\/div>\n\t\t","protected":false},"excerpt":{"rendered":"<p>Bem-vindo! Saiba mais&#8230; Contactos Telefone: (+351) 222 411 518 Email: psihora@gmail.com<\/p>\n","protected":false},"author":1,"featured_media":0,"parent":0,"menu_order":0,"comment_status":"closed","ping_status":"closed","template":"","meta":{"footnotes":""},"class_list":["post-341","page","type-page","status-publish","hentry"],"yoast_head":"<!-- This site is optimized with the Yoast SEO plugin v27.3 - https:\/\/yoast.com\/product\/yoast-seo-wordpress\/ -->\n<title>Psic\u00f3logo Online | Psicologia &amp; Psicoterapia Online<\/title>\n<meta name=\"description\" content=\"Esteja onde estiver poder\u00e1 cuidar de si sem sair da\u00ed... Consultas de Psicologia Online &amp; Psicoterapia Remota... +Info: (+351) 222411518 | psicologonline.pt\" \/>\n<meta name=\"robots\" content=\"index, follow, max-snippet:-1, max-image-preview:large, max-video-preview:-1\" \/>\n<link rel=\"canonical\" href=\"https:\/\/psicologonline.pt\/\" \/>\n<meta property=\"og:locale\" content=\"pt_PT\" \/>\n<meta property=\"og:type\" content=\"article\" \/>\n<meta property=\"og:title\" content=\"Psic\u00f3logo Online | Psicologia &amp; Psicoterapia Online\" \/>\n<meta property=\"og:description\" content=\"Esteja onde estiver poder\u00e1 cuidar de si sem sair da\u00ed... Consultas de Psicologia Online &amp; Psicoterapia Remota... +Info: (+351) 222411518 | psicologonline.pt\" \/>\n<meta property=\"og:url\" content=\"https:\/\/psicologonline.pt\/\" \/>\n<meta property=\"og:site_name\" content=\"Psic\u00f3logo Online\" \/>\n<meta property=\"article:modified_time\" content=\"2020-05-28T19:45:52+00:00\" \/>\n<meta property=\"og:image\" content=\"https:\/\/psicologonline.pt\/wp-content\/uploads\/2020\/05\/sigmund-freud-insights.jpg\" \/>\n<meta name=\"twitter:card\" content=\"summary_large_image\" \/>\n<script type=\"application\/ld+json\" class=\"yoast-schema-graph\">{\"@context\":\"https:\\\/\\\/schema.org\",\"@graph\":[{\"@type\":\"WebPage\",\"@id\":\"https:\\\/\\\/psicologonline.pt\\\/\",\"url\":\"https:\\\/\\\/psicologonline.pt\\\/\",\"name\":\"Psic\u00f3logo Online | Psicologia & Psicoterapia Online\",\"isPartOf\":{\"@id\":\"https:\\\/\\\/psicologonline.pt\\\/#website\"},\"primaryImageOfPage\":{\"@id\":\"https:\\\/\\\/psicologonline.pt\\\/#primaryimage\"},\"image\":{\"@id\":\"https:\\\/\\\/psicologonline.pt\\\/#primaryimage\"},\"thumbnailUrl\":\"https:\\\/\\\/psicologonline.pt\\\/wp-content\\\/uploads\\\/2020\\\/05\\\/sigmund-freud-insights.jpg\",\"datePublished\":\"2020-05-11T01:13:23+00:00\",\"dateModified\":\"2020-05-28T19:45:52+00:00\",\"description\":\"Esteja onde estiver poder\u00e1 cuidar de si sem sair da\u00ed... Consultas de Psicologia Online & Psicoterapia Remota... +Info: (+351) 222411518 | psicologonline.pt\",\"breadcrumb\":{\"@id\":\"https:\\\/\\\/psicologonline.pt\\\/#breadcrumb\"},\"inLanguage\":\"pt-PT\",\"potentialAction\":[{\"@type\":\"ReadAction\",\"target\":[\"https:\\\/\\\/psicologonline.pt\\\/\"]}]},{\"@type\":\"ImageObject\",\"inLanguage\":\"pt-PT\",\"@id\":\"https:\\\/\\\/psicologonline.pt\\\/#primaryimage\",\"url\":\"https:\\\/\\\/psicologonline.pt\\\/wp-content\\\/uploads\\\/2020\\\/05\\\/sigmund-freud-insights.jpg\",\"contentUrl\":\"https:\\\/\\\/psicologonline.pt\\\/wp-content\\\/uploads\\\/2020\\\/05\\\/sigmund-freud-insights.jpg\",\"width\":500,\"height\":338},{\"@type\":\"BreadcrumbList\",\"@id\":\"https:\\\/\\\/psicologonline.pt\\\/#breadcrumb\",\"itemListElement\":[{\"@type\":\"ListItem\",\"position\":1,\"name\":\"Home\",\"item\":\"https:\\\/\\\/psicologonline.pt\\\/\"},{\"@type\":\"ListItem\",\"position\":2,\"name\":\"Psic\u00f3logo Online | Psicologia &#038; Psicoterapia Online\"}]},{\"@type\":\"WebSite\",\"@id\":\"https:\\\/\\\/psicologonline.pt\\\/#website\",\"url\":\"https:\\\/\\\/psicologonline.pt\\\/\",\"name\":\"Psic\u00f3logo Online\",\"description\":\"Consigo, como sempre!\",\"publisher\":{\"@id\":\"https:\\\/\\\/psicologonline.pt\\\/#\\\/schema\\\/person\\\/d188dea8262841e74b76bb2d22e8555c\"},\"potentialAction\":[{\"@type\":\"SearchAction\",\"target\":{\"@type\":\"EntryPoint\",\"urlTemplate\":\"https:\\\/\\\/psicologonline.pt\\\/?s={search_term_string}\"},\"query-input\":{\"@type\":\"PropertyValueSpecification\",\"valueRequired\":true,\"valueName\":\"search_term_string\"}}],\"inLanguage\":\"pt-PT\"},{\"@type\":[\"Person\",\"Organization\"],\"@id\":\"https:\\\/\\\/psicologonline.pt\\\/#\\\/schema\\\/person\\\/d188dea8262841e74b76bb2d22e8555c\",\"name\":\"Joao Conde Rodrigues\",\"image\":{\"@type\":\"ImageObject\",\"inLanguage\":\"pt-PT\",\"@id\":\"https:\\\/\\\/psicologonline.pt\\\/wp-content\\\/uploads\\\/2020\\\/04\\\/perfil-1-1-scaled.jpg\",\"url\":\"https:\\\/\\\/psicologonline.pt\\\/wp-content\\\/uploads\\\/2020\\\/04\\\/perfil-1-1-scaled.jpg\",\"contentUrl\":\"https:\\\/\\\/psicologonline.pt\\\/wp-content\\\/uploads\\\/2020\\\/04\\\/perfil-1-1-scaled.jpg\",\"width\":2560,\"height\":1427,\"caption\":\"Joao Conde Rodrigues\"},\"logo\":{\"@id\":\"https:\\\/\\\/psicologonline.pt\\\/wp-content\\\/uploads\\\/2020\\\/04\\\/perfil-1-1-scaled.jpg\"}}]}<\/script>\n<!-- \/ Yoast SEO plugin. -->","yoast_head_json":{"title":"Psic\u00f3logo Online | Psicologia & Psicoterapia Online","description":"Esteja onde estiver poder\u00e1 cuidar de si sem sair da\u00ed... Consultas de Psicologia Online & Psicoterapia Remota... +Info: (+351) 222411518 | psicologonline.pt","robots":{"index":"index","follow":"follow","max-snippet":"max-snippet:-1","max-image-preview":"max-image-preview:large","max-video-preview":"max-video-preview:-1"},"canonical":"https:\/\/psicologonline.pt\/","og_locale":"pt_PT","og_type":"article","og_title":"Psic\u00f3logo Online | Psicologia & Psicoterapia Online","og_description":"Esteja onde estiver poder\u00e1 cuidar de si sem sair da\u00ed... Consultas de Psicologia Online & Psicoterapia Remota... +Info: (+351) 222411518 | psicologonline.pt","og_url":"https:\/\/psicologonline.pt\/","og_site_name":"Psic\u00f3logo Online","article_modified_time":"2020-05-28T19:45:52+00:00","og_image":[{"url":"https:\/\/psicologonline.pt\/wp-content\/uploads\/2020\/05\/sigmund-freud-insights.jpg","type":"","width":"","height":""}],"twitter_card":"summary_large_image","schema":{"@context":"https:\/\/schema.org","@graph":[{"@type":"WebPage","@id":"https:\/\/psicologonline.pt\/","url":"https:\/\/psicologonline.pt\/","name":"Psic\u00f3logo Online | Psicologia & Psicoterapia Online","isPartOf":{"@id":"https:\/\/psicologonline.pt\/#website"},"primaryImageOfPage":{"@id":"https:\/\/psicologonline.pt\/#primaryimage"},"image":{"@id":"https:\/\/psicologonline.pt\/#primaryimage"},"thumbnailUrl":"https:\/\/psicologonline.pt\/wp-content\/uploads\/2020\/05\/sigmund-freud-insights.jpg","datePublished":"2020-05-11T01:13:23+00:00","dateModified":"2020-05-28T19:45:52+00:00","description":"Esteja onde estiver poder\u00e1 cuidar de si sem sair da\u00ed... Consultas de Psicologia Online & Psicoterapia Remota... +Info: (+351) 222411518 | psicologonline.pt","breadcrumb":{"@id":"https:\/\/psicologonline.pt\/#breadcrumb"},"inLanguage":"pt-PT","potentialAction":[{"@type":"ReadAction","target":["https:\/\/psicologonline.pt\/"]}]},{"@type":"ImageObject","inLanguage":"pt-PT","@id":"https:\/\/psicologonline.pt\/#primaryimage","url":"https:\/\/psicologonline.pt\/wp-content\/uploads\/2020\/05\/sigmund-freud-insights.jpg","contentUrl":"https:\/\/psicologonline.pt\/wp-content\/uploads\/2020\/05\/sigmund-freud-insights.jpg","width":500,"height":338},{"@type":"BreadcrumbList","@id":"https:\/\/psicologonline.pt\/#breadcrumb","itemListElement":[{"@type":"ListItem","position":1,"name":"Home","item":"https:\/\/psicologonline.pt\/"},{"@type":"ListItem","position":2,"name":"Psic\u00f3logo Online | Psicologia &#038; Psicoterapia Online"}]},{"@type":"WebSite","@id":"https:\/\/psicologonline.pt\/#website","url":"https:\/\/psicologonline.pt\/","name":"Psic\u00f3logo Online","description":"Consigo, como sempre!","publisher":{"@id":"https:\/\/psicologonline.pt\/#\/schema\/person\/d188dea8262841e74b76bb2d22e8555c"},"potentialAction":[{"@type":"SearchAction","target":{"@type":"EntryPoint","urlTemplate":"https:\/\/psicologonline.pt\/?s={search_term_string}"},"query-input":{"@type":"PropertyValueSpecification","valueRequired":true,"valueName":"search_term_string"}}],"inLanguage":"pt-PT"},{"@type":["Person","Organization"],"@id":"https:\/\/psicologonline.pt\/#\/schema\/person\/d188dea8262841e74b76bb2d22e8555c","name":"Joao Conde Rodrigues","image":{"@type":"ImageObject","inLanguage":"pt-PT","@id":"https:\/\/psicologonline.pt\/wp-content\/uploads\/2020\/04\/perfil-1-1-scaled.jpg","url":"https:\/\/psicologonline.pt\/wp-content\/uploads\/2020\/04\/perfil-1-1-scaled.jpg","contentUrl":"https:\/\/psicologonline.pt\/wp-content\/uploads\/2020\/04\/perfil-1-1-scaled.jpg","width":2560,"height":1427,"caption":"Joao Conde Rodrigues"},"logo":{"@id":"https:\/\/psicologonline.pt\/wp-content\/uploads\/2020\/04\/perfil-1-1-scaled.jpg"}}]}},"jetpack_sharing_enabled":true,"_links":{"self":[{"href":"https:\/\/psicologonline.pt\/index.php\/wp-json\/wp\/v2\/pages\/341","targetHints":{"allow":["GET"]}}],"collection":[{"href":"https:\/\/psicologonline.pt\/index.php\/wp-json\/wp\/v2\/pages"}],"about":[{"href":"https:\/\/psicologonline.pt\/index.php\/wp-json\/wp\/v2\/types\/page"}],"author":[{"embeddable":true,"href":"https:\/\/psicologonline.pt\/index.php\/wp-json\/wp\/v2\/users\/1"}],"replies":[{"embeddable":true,"href":"https:\/\/psicologonline.pt\/index.php\/wp-json\/wp\/v2\/comments?post=341"}],"version-history":[{"count":46,"href":"https:\/\/psicologonline.pt\/index.php\/wp-json\/wp\/v2\/pages\/341\/revisions"}],"predecessor-version":[{"id":650,"href":"https:\/\/psicologonline.pt\/index.php\/wp-json\/wp\/v2\/pages\/341\/revisions\/650"}],"wp:attachment":[{"href":"https:\/\/psicologonline.pt\/index.php\/wp-json\/wp\/v2\/media?parent=341"}],"curies":[{"name":"wp","href":"https:\/\/api.w.org\/{rel}","templated":true}]}}